) to base 6.
-233204543
-7383680 (base 9) to base 10
-3952467
What is -55cb (base 14) in base 11?
-101a7
-11cb2a5 (base 15) to base 5
-11233421410
-87072 (base 14) to base 3
-121121001122
-10e4 (base 16) to base 4
-1003210
What is 1414101 (base 6) in base 12?
3a331
What is 1010010100111100001101 (base 2) in base 11?
1589a73
13557b9 (base 12) to base 5
1441032244
Convert 241b9 (base 13) to base 11.
45840
12254141 (base 6) to base 14
a4565
Convert 1002222211121 (base 3) to base 7.
5006125
Convert 24421303 (base 6) to base 15.
1063e9
What is 64b33c (base 16) in base 3?
110102021210100
Convert -116586 (base 15) to base 14.
-17904d
-8b36ab (base 12) to base 5
-1032144211
101010001100100100 (base 2) to base 10
172836
-1010111111110001 (base 2) to base 4
-22333301
Convert -35343150 (base 6) to base 13.
-2c7975
114203400 (base 5) to base 10
537975
Convert 3734aa (base 15) to base 7.
31320352
Convert 22124140 (base 5) to base 16.
2efa4
What is -120110000112 (base 3) in base 8?
-1121607
567124 (base 8) to base 3
100202111020
Convert 101222313120 (base 4) to base 7.
54241305
-14a8 (base 12) to base 2
-100110000000
15122225 (base 6) to base 14
d9001
What is 13238 (base 9) in base 11?
67a2
-bcc892 (base 13) to base 2
-10000111111100110000110
Convert 10432203412 (base 5) to base 16.
b10262
What is 320330102 (base 4) in base 13?
82211
35a27 (base 12) to base 9
120174
Convert -16142230 (base 9) to base 15.
-a92ac0
Convert -370206 (base 8) to base 2.
-11111000010000110
What is -66361041 (base 7) in base 12?
-1ab5913
Convert -5711b (base 12) to base 13.
-40a09
Convert 3120124 (base 6) to base 3.
21122021221
Convert -10333334 (base 5) to base 6.
-1531540
What is 112110033 (base 4) in base 13?
327b4
-101101100011001010100 (base 2) to base 16
-16c654
Convert 26041261 (base 7) to base 2.
1001000000111010111100
23211220131 (base 4) to base 16
2e5a1d
Convert 3859a (base 11) to base 6.
1103541
What is 3202113313 (base 4) in base 9?
1662817
Convert -414415125 (base 6) to base 14.
-d5c953
What is 31206664 (base 7) in base 9?
4838757
What is -1d0dd3 (base 14) in base 16?
-fde5d
What is -44430304 (base 6) in base 13?
-37c792
What is 2544050 (base 6) in base 8?
416036
What is 15551461 (base 7) in base 12?
608b0a
Convert -73484 (base 11) to base 16.
-1a230
What is 5815b (base 15) in base 9?
466615
What is 50d4 (base 14) in base 6?
144214
Convert -61124b (base 12) to base 13.
-410c33
bb00e (base 16) to base 2
10111011000000001110
53471 (base 13) to base 6
3115112
What is -68666 (base 11) in base 10?
-99292
364457 (base 8) to base 3
20100210012
-144543145 (base 6) to base 2
-1011100011111011101001
Convert -20042403 (base 5) to base 12.
-780a7
What is 1011100010111000100000 (base 2) in base 13?
81c70c
-42b30 (base 13) to base 5
-12324121
-5b43ff (base 16) to base 9
-12225568
What is -7323 (base 14) in base 2?
-100110101110011
What is -108630 (base 11) in base 10?
-172458
What is 4251056 (base 7) in base 6?
15023355
What is -19978 (base 15) in base 8?
-242302
Convert 1234201214 (base 5) to base 8.
13454764
What is -5146736 (base 11) in base 10?
-9086292
Convert 3b96 (base 14) to base 11.
79a4
-7b3618 (base 12) to base 10
-1975988
-631421 (base 7) to base 8
-324067
1a06976 (base 11) to base 5
1332004404
1111111101101011000 (base 2) to base 7
4306030
What is -12856a4 (base 11) in base 12?
-8ab892
What is 614378 (base 9) in base 10?
364085
What is 3a247 (base 13) in base 11?
741a8
332113414 (base 5) to base 2
101011111111111000110
What is -541403 (base 6) in base 16?
-ad8b
Convert -35054444 (base 6) to base 10.
-1080604
-11010011100010000110011 (base 2) to base 8
-32342063
Convert -1114110 (base 6) to base 3.
-2212200120
Convert 959730 (base 12) to base 15.
3192c9
What is -11512212 (base 6) in base 7?
-3056534
What is -536205 (base 7) in base 11?
-64199
Convert -113344252 (base 7) to base 8.
-32555307
Convert 32224323 (base 5) to base 9.
456415
3002101102 (base 4) to base 13
21b260
Convert -266814 (base 9) to base 2.
-100111101011000011
16e563 (base 15) to base 10
1111593
Convert -100002012022001 (base 3) to base 13.
-ccc94c
-110111000111100111111 (base 2) to base 3
-10101202120012
Convert 13126630 (base 7) to base 9.
2228657
Convert -710579 (base 12) to base 5.
-422411443
952644 (base 13) to base 7
41443440
-45c666 (base 13) to base 16
-19428f
Convert -2aaa2 (base 13) to base 12.
-3a9aa
What is a360b2 (base 12) in base 6?
130520342
What is -68637 (base 9) in base 10?
-45718
Convert -3332200331 (base 4) to base 7.
-11601224
Convert -1340200102 (base 5) to base 10.
-3443777
-52702253 (base 8) to base 6
-1040531523
3302614 (base 8) to base 6
30554324
-1011000100010111010101 (base 2) to base 3
-12110102001112
What is -148137 (base 9) in base 6?
-1542224
-22112102021 (base 3) to base 4
-221000212
What is -2774516 (base 10) in base 7?
-32403653
Convert 707a6a6 (base 11) to base 13.
2793759
15ab09a (base 13) to base 10
6993178
11001010001011000 (base 2) to base 4
121101120
Convert 224441131 (base 5) to base 15.
150bcb
What is 4253005 (base 9) in base 6?
120502135
Convert 110222110121110 (base 3) to base 5.
3231220432
-3124331 (base 6) to base 5
-14320302
What is 12054114 (base 6) in base 7?
3143506
Convert 51516014 (base 7) to base 2.
10000011111101000011101
402bc (base 14) to base 7
1211425
What is -2544253 (base 9) in base 4?
-11102233221
Convert 34443432 (base 5) to base 13.
ac243
What is 34145511 (base 6) in base 16?
fe113
-6787c (base 13) to base 10
-188200
Convert -1111001100011000111 (base 2) to base 7.
-4142332
Convert 4e8d40 (base 16) to base 14.
980120
What is 20a955 (base 12) in base 7?
4250156
What is -3357b05 (base 12) in base 15?
-ce0278
245220 (base 13) to base 6
30335203
Convert 101221010 (base 3) to base 14.
2c92
Convert -164336 (base 8) to base 4.
-32203132
-704400 (base 8) to base 13
-815b7
Convert 77b90 (base 15) to base 7.
3143436
Convert -201101100220 (base 3) to base 10.
-381534
304a159 (base 11) to base 5
2334333432
Convert -3575c2 (base 15) to base 9.
-4725372
What is 54351 (base 7) in base 2?
11010011111000
453a21 (base 11) to base 3
1100201021021
What is 1134901 (base 10) in base 2?
100010101000100110101
What is 100003002 (base 4) in base 12?
32056
5a9171 (base 13) to base 11
1247474
-430521 (base 16) to base 10
-4392225
Convert 2ea25 (base 15) to base 2.
100100110100000001
Convert -17b94 (base 16) to base 5.
-11102142
e7486a (base 16) to base 2
111001110100100001101010
-404410443 (base 6) to base 3
-111001110200100
-10001011101110 (base 2) to base 16
-22ee
What is 34654060 (base 7) in base 11?
17a76a5
What is -142d3c (base 16) in base 8?
-5026474
What is -68079 (base 14) in base 6?
-5225123
Convert -337682 (base 13) to base 16.
-128e3d
What is -20200210002 (base 3) in base 9?
-220702
-1119ab0 (base 13) to base 11
-2a65114
50b178 (base 15) to base 2
1110101000000111100010
Convert 657732 (base 10) to base 7.
5406405
67704 (base 10) to base 11
4695a
What is -85a84c (base 15) in base 13?
-141a740
Convert -470761 (base 9) to base 3.
-112100212001
Convert -14112132 (base 5) to base 7.
-1141525
-46261522 (base 8) to base 4
-212112031102
Convert 222222222121 (base 3) to base 6.
15220154
What is 1111100220022 (base 3) in base 8?
3017651
What is -11100100202 (base 3) in base 4?
-110320310
-111000000011101101 (base 2) to base 7
-1644266
Convert -ab56 (base 14) to base 13.
-10676
31021321201 (base 4) to base 13
9397ab
What is -2554534 (base 6) in base 8?
-420732
-cf9eb (base 16) to base 6
-30121031
Convert 4514301 (base 7) to base 4.
2020113120
What is -1707158 (base 11) in base 15?
-3c6b49
What is -13292a (base 11) in base 8?
-627565
Convert -2035626 (base 7) to base 4.
-323230302
Convert -492171 (base 10) to base 13.
-143034
What is -297458 (base 10) in base 12?
-124182
Convert -151578 (base 11) to base 9.
-400100
What is -163063 (base 7) in base 6?
-405251
What is -514569 (base 10) in base 11?
-321670
2a2022 (base 11) to base 3
212221100210
Convert -1374435 (base 8) to base 15.
-7aebd
Convert 5d16 (base 14) to base 12.
9514
Convert 1101101001100010001010 (base 2) to base 10.
3577994
Convert 633062 (base 8) to base 16.
33632
What is 24320102 (base 5) in base 9?
378611
Convert a3a11 (base 11) to base 6.
3125545
What is -101ab2 (base 14) in base 4?
-2010133130
What 